32.
16
Let z = 49 - 47. Let v be -1*z/(-4) + (-21)/(-6). What is the highest common divisor of 8 and v?
4
Let r = -1419 + 2149. What is the highest common factor of r and 40?
10
Let o = -28 + 40. Let t = 652 - 156. Suppose -3*c = -12, t = -3*u + 8*u + 4*c. What is the greatest common factor of u and o?
12
Suppose 5*i - 1174 - 1386 = 0. Let h = 694 - i. Calculate the greatest common factor of 14 and h.
14
Let n be ((-2)/(-1) - 0) + 6. Suppose w + 5 = 57. What is the greatest common factor of w and n?
4
Let t = -238 - -127. Let r be (2/(-4))/(t/54 - -2). Suppose -r*m = -10*m + 5. What is the greatest common divisor of 5 and m?
5
Let y(p) = 16*p - 89. Let q be y(23). What is the highest common divisor of 1147 and q?
31
Let d be -3 - (13/13 + 10/1). Let v = d + 19. Calculate the highest common factor of v and 160.
5
Suppose 5*z + r - 150 = 0, -3*z + 90 = -r + 4*r. Let h be 16/(-6 + 14) - 82. Let j be h/6*(-24)/16. Calculate the highest common divisor of z and j.
10
Let s = 49 - 48. Let o(j) be the second derivative of 3*j**5/4 + j**4/4 - j**3/6 - j**2/2 - 27*j. Let r be o(s). What is the greatest common factor of 80 and r?
16
Suppose 4*o - 4*l - 3478 = -6*l, 6083 = 7*o + 4*l. Calculate the highest common factor of o and 27.
9
Let p(f) = f**3 + 7*f**2 - 7*f - 17. Let s = 220 + -227. Let d be p(s). What is the greatest common factor of 32 and d?
32
Let l(j) = -13*j - 8. Let z be l(-5). Let a = z - 31. Let f = a - -19. Calculate the greatest common divisor of f and 18.
9
Let t = -258 + 381. Let g be (-11)/(-3) + (-82)/t. What is the greatest common factor of 96 and g?
3
Let c be -5*(-15)/(-25) + 6. Suppose 0 = q - 5*o - 27, -o + c*o = -2*q + 30. Calculate the highest common factor of q and 578.
17
Suppose -4*w - 4*w + 293 + 531 = 0. Calculate the highest common factor of 927 and w.
103
Suppose 3*s + 2*s + 73 = k, -5*k + 275 = 5*s. What is the highest common divisor of 3538 and k?
58
Suppose 3*z - h - 11 = 121, -88 = -2*z + 2*h. Let l(a) = -6*a**3 + a**2 + 2*a - 4. Let x be l(-2). Calculate the highest common divisor of x and z.
44
Let p be 61/(0 - (-1 + 2)). Let s = -28 - p. Let r = 41 - s. What is the greatest common factor of 1 and r?
1
Let k be (48 - 20) + (-3)/(12/(-32)). What is the greatest common factor of 21 and k?
3
Suppose -8*m - 3*g = -12*m + 399, 0 = -2*m - 3*g + 213. What is the highest common factor of 323 and m?
17
Let h = 679 - 403. Calculate the greatest common divisor of 92 and h.
92
Let r be (434/6)/((-5201)/(-44580)). What is the highest common divisor of 2 and r?
2
Let d be -39*9/(-6)*2. Suppose -q - 5*v + 18 = 0, -q + 15 = -3*v + 5. What is the greatest common factor of d and q?
13
Suppose 2*t - 2*p - 10 = 0, -t + 8 = -0*t - 2*p. Let h be ((-15)/(-810)*126)/(14/36). Calculate the greatest common factor of h and t.
2
Let u be (1/(-3)*53)/((-4)/12). Let n be (-68)/(-8)*(12 + -2). Let j = n - u. Calculate the highest common divisor of j and 32.
32
Suppose 4*f + 86 = -q + 495, f + 4*q = 76. What is the highest common factor of f and 21944?
104
Let s(b) = -3*b - 25. Let j be s(-10). Suppose -3*o - m = -j*o + 419, 0 = m + 3. Let a = 201 + -175. Calculate the highest common factor of a and o.
26
Let k = -18374 - -18404. Let f = -10 - -19. What is the highest common factor of f and k?
3
Suppose -3*s - 1 = -7. Suppose 0*i - 10 = -s*i. Let p be 18 - (-19 + 283)/(-12). What is the highest common divisor of p and i?
5
Let b(d) = d**2 + 21*d + 96. Let m be b(-15). Let z be 0 + -3 - (m - 45). Calculate the greatest common divisor of z and 432.
36
Let t(b) = -b**3 + 20*b**2 + 33*b - 210. Let u be t(17). Calculate the greatest common factor of 29 and u.
29
Let j(c) = 2*c**2 - 2*c - 7. Let n be j(3). Let s be 22/n + (-4)/10 + 0. Let l be -2 - (s/(-3))/(6/171). What is the highest common divisor of l and 18?
18
Let h(t) = t**3 - 36*t**2 + 48*t + 191. Let d be h(35). Calculate the greatest common factor of d and 102.
34
Suppose -3*v = -2 - 1, 3*v = -p + 29. Let f be p*((-8)/40 - (-12)/10). Calculate the greatest common factor of f and 13.
13
Let i(r) be the first derivative of 13*r - 5*r**2 - 1/4*r**4 + 26 - 4*r**3. Let x be i(-11). Calculate the highest common divisor of 18 and x.
2
Let m(j) = -77*j + 242. Let v be m(-2). Calculate the greatest common divisor of 588 and v.
12
Suppose 12*h - 247 = -7*h. Let y(m) = -m**2 + 23*m - 116. Let v be y(h). Calculate the greatest common factor of v and 658.
14
Let o(t) = -2*t**2 + 10*t + 88. Let j be o(9). Suppose -j*l + 22 + 170 = 0. Calculate the greatest common factor of l and 636.
12
Suppose 0 = 5*i - 4*i - 39. Let j = 81 - i. Calculate the highest common divisor of j and 336.
42
Suppose 34*h - 697 = 1411. Calculate the greatest common divisor of h and 9362.
62
Suppose -380 - 1216 = -19*k. What is the greatest common divisor of 1204 and k?
28
Let o be 8/(-3)*243/(-6). Let b be (-2379)/305*5/(-1). Suppose -3*v = -3*n - b, -4*v + 71 - 22 = -n. What is the highest common factor of o and v?
12
Let y = 22 + -2. Let m = 2104 + -2099. Suppose -3*c + 19 + 41 = 3*n, y = m*n. What is the highest common factor of c and 112?
16
Let m(q) = 363*q**3 + 8*q**2 - 7*q - 1. Let b be m(1). Calculate the highest common factor of 99 and b.
33
Let h = 4626 + -4574. Suppose 2*q - 5*u = 7*q - 4180, -2*u + 8 = 0. What is the highest common divisor of h and q?
52
Suppose 62*x - 1430 = 57*x. Calculate the highest common divisor of x and 594.
22
Let o = -292 - -292. Suppose 53*a - 17*a - 11700 = o. Calculate the greatest common factor of a and 50.
25
Suppose b + 745 - 1042 = -3*k, -b = 4*k - 396. Let n be (-33)/(-6)*1*4. What is the greatest common divisor of k and n?
11
Let d(r) = r**3 - 11*r**2 + 26*r - 1. Let s = 344 + -336. Let n be d(s). Suppose -2*p = -5*p + 180. Calculate the highest common divisor of n and p.
15
Let s be 26/2 - (5 + -6). Let n be 2/8*5*-44. Let q = -53 - n. What is the highest common divisor of s and q?
2
Let u = 18426 - 14324. Calculate the greatest common divisor of u and 14.
14
Let h be 2/6 + (-1508)/(-12). Suppose 46*r = 35*r + 616. Calculate the highest common factor of r and h.
14
Let d = -39 - -39. Let u be 72/(2 - d) - (-87)/(-29). What is the highest common factor of 187 and u?
11
Suppose -c - 85 = -5*j - 6*c, j - 5*c + 7 = 0. Let q = 225 - -2. Let p = q - 123. What is the highest common factor of j and p?
13
Let u = 2062 + -1612. What is the highest common factor of 36 and u?
18
Let c(n) = -80*n + 47. Let f be c(-10). Let o = f - 407. Suppose -5*m + 330 = 3*l, -3*l - 2*m + o = l. Calculate the greatest common factor of l and 10.
10
Let f(n) = 5*n - 195. Let j be f(0). Let u be j/10*(1 + 1). Let o be 2/(-6)*u - 3. Calculate the highest common divisor of o and 50.
10
Suppose -5*y + 1444 = 4*t, 3*y + 284 = 4*y + 2*t. Suppose 2*m + 4*v = y, 6*m - 7*m = -3*v - 146. Calculate the greatest common factor of m and 73.
73
Suppose -10*g + 257 - 797 = 0. Let h = g - -58. What is the greatest common divisor of 11 and h?
1
Let b(p) = 12*p**2 + 980*p - 208. Let u be b(-82). What is the greatest common factor of u and 2424?
24
Let r(z) = 4*z**3 + 2*z**2 - 8*z + 28. Let q be r(5). Suppose q - 2158 = -6*a. Calculate the highest common divisor of a and 450.
90
Let r be (6534/165)/((-2)/(-35)). Suppose 0 = -25*o + 18*o + r. Calculate the highest common divisor of 22 and o.
11
Let c be ((-4)/8)/((-2)/152). Suppose -21*n + c = -25. Calculate the greatest common factor of 9 and n.
3
Let i = 48 - 30. Let a be 2*4*(-4)/(-8). Suppose 0 = 2*x - 50 - a. Calculate the greatest common factor of x and i.
9
Let k = 1515 - 516. Let x be -16*111/(-11840)*180. Calculate the greatest common factor of x and k.
27
Suppose 5*y = 34 + 66. Suppose -12*x - 576 = -y*x. Let q = 5 - -13. What is the greatest common divisor of q and x?
18
Suppose 534*z - 26904 = 522*z. Calculate the highest common divisor of 266 and z.
38
Let f(w) = 2*w - 1. Let h be f(3). Let s = 7671 - 7671. Suppose 4*g = -3*i - h, s = i - g - 5 - 5. Calculate the greatest common factor of i and 55.
5
Let k be 4 + (-134)/4 + 2/(-4). Let j = k - -46. What is the greatest common divisor of 496 and j?
16
Let w be -12*1/2 - (-49 + 11). Calculate the highest common factor of w and 7264.
32
Suppose -42*n = 92*n - 253785 - 49859. What is the highest common divisor of 2472 an